NOAA-Style Climate Reports


Report for 2024 April
                   MONTHLY CLIMATOLOGICAL SUMMARY for Apr 2024


NAME: Lowell, MA                  
ELEV: 178 feet    LAT: 42-37.56 N    LONG: 071-20.22 W


                   TEMPERATURE (F), RAIN (in), WIND SPEED (mph)

                                         HEAT   COOL         AVG
      MEAN                               DEG    DEG          WIND                   DOM
DAY   TEMP   HIGH   TIME    LOW   TIME   DAYS   DAYS   RAIN  SPEED   HIGH   TIME    DIR
---------------------------------------------------------------------------------------
 01   45.6   56.9  14:53   34.5  06:34   19.4    0.0   0.00    1.0    9.0  11:24    135
 02   43.1   50.5  12:52   38.4  06:51   21.9    0.0   0.00    2.6   17.0  13:42     61
 03   39.1   44.2  10:59   34.0  23:55   25.9    0.0   0.51    2.9   19.0  16:59     96
 04   33.4   34.2  13:14   32.6  03:46   31.6    0.0   0.79    5.7   36.0  07:29     21
 05   37.5   42.8  14:55   32.7  01:36   27.5    0.0   0.35    3.4   21.0  14:17    286
 06   39.8   45.0  16:31   36.2  06:42   25.2    0.0   0.01    5.5   21.0  17:09    344
 07   41.8   49.8  17:19   35.5  06:24   23.2    0.0   0.00    3.6   16.0  11:43    354
 08   51.0   66.5  14:39   33.0  06:12   14.0    0.0   0.00    2.6   14.0  14:30    308
 09   53.7   70.9  14:00   42.2  23:55   11.3    0.0   0.00    2.8   18.0  14:54     93
 10   48.9   65.7  13:12   37.7  05:58   16.1    0.0   0.04    2.0   15.0  12:40    106
 11   46.0   48.8  17:24   43.1  06:28   19.0    0.0   0.08    1.7    9.0  03:43     38
 12   57.4   63.0  11:08   47.8  00:00    7.6    0.0   0.71    6.2   37.0  10:23    160
 13   49.5   55.6  11:20   44.9  23:51   15.5    0.0   0.00    4.9   19.0  12:34    235
 14   49.4   59.0  14:56   40.4  06:26   15.6    0.0   0.06    2.5   17.0  13:29    238
 15   47.8   48.6  00:00   46.8  02:09   17.2    0.0   0.00    0.2    3.0  01:20    270
 16
 17
 18
 19
 20
 21
 22
 23
 24
 25
 26
 27
 28
 29
 30
---------------------------------------------------------------------------------------
      45.4   70.9     09   32.6     04  291.2    0.0   2.55    3.4   37.0     12      2