NOAA-Style Climate Reports


Report for 2024 June
                   MONTHLY CLIMATOLOGICAL SUMMARY for Jun 2024


NAME: Lowell, MA                  
ELEV: 178 feet    LAT: 42-37.56 N    LONG: 071-20.22 W


                   TEMPERATURE (F), RAIN (in), WIND SPEED (mph)

                                         HEAT   COOL         AVG
      MEAN                               DEG    DEG          WIND                   DOM
DAY   TEMP   HIGH   TIME    LOW   TIME   DAYS   DAYS   RAIN  SPEED   HIGH   TIME    DIR
---------------------------------------------------------------------------------------
 01   67.6   83.0  16:53   51.3  05:49    0.0    2.6   0.00    1.2   13.0  12:18    339
 02   69.7   85.4  15:24   51.4  05:17    0.0    4.7   0.00    1.0   11.0  15:57    356
 03   71.7   83.6  15:03   62.4  23:43    0.0    6.7   0.00    1.7   13.0  17:02    120
 04   67.5   81.5  14:51   56.6  05:38    0.0    2.5   0.00    1.5   12.0  16:18    156
 05   71.8   88.3  15:07   58.0  04:44    0.0    6.8   0.00    1.5   11.0  14:24    185
 06   70.0   75.5  17:21   62.9  23:58    0.0    5.0   0.00    1.3   13.0  17:45    157
 07   70.8   86.6  15:14   61.8  03:09    0.0    5.8   0.00    1.2   13.0  16:21    350
 08   66.1   73.9  15:43   56.9  05:27    0.0    1.1   0.00    1.8   17.0  16:07    274
 09   62.1   69.4  17:09   55.5  11:23    2.9    0.0   0.17    0.7    8.0  08:45    326
 10   65.0   76.6  13:18   54.2  05:32    0.0    0.0   0.00    1.1   10.0  08:48    300
 11   64.2   73.7  13:22   53.1  05:16    0.8    0.0   0.00    0.5    9.0  08:23    351
 12   68.5   78.8  13:16   59.3  05:37    0.0    3.5   0.00    0.8    9.0  18:16    121
 13   72.2   85.9  15:27   55.8  05:35    0.0    7.2   0.00    1.3   14.0  17:10    202
 14   71.1   81.0  10:31   65.3  05:25    0.0    6.1   0.34    1.6   14.0  08:39    188
 15   68.5   75.3  15:13   59.0  23:59    0.0    3.5   0.01    3.6   19.0  10:58    341
 16   64.0   77.4  15:56   49.3  05:11    1.0    0.0   0.00    1.7   13.0  18:12    160
 17   70.6   82.6  13:59   56.5  05:38    0.0    5.6   0.00    2.4   19.0  12:42    187
 18   79.7   96.8  14:24   65.3  05:18    0.0   14.7   0.00    1.1   16.0  15:40    179
 19
 20
 21
 22
 23
 24
 25
 26
 27
 28
 29
 30
---------------------------------------------------------------------------------------
      68.8   96.8     18   49.3     16    4.8   75.8   0.52    1.5   19.0     15    215